{"id":675,"date":"2018-03-01T16:55:04","date_gmt":"2018-03-01T16:55:04","guid":{"rendered":"http:\/\/tus-neukoelln.de\/?page_id=675"},"modified":"2024-02-05T07:48:56","modified_gmt":"2024-02-05T07:48:56","slug":"bericht-der-rhoenradabteilung","status":"publish","type":"page","link":"https:\/\/tus-neukoelln.de\/?page_id=675","title":{"rendered":"Bericht der Rh\u00f6nradabteilung"},"content":{"rendered":"<p>Das Rh\u00f6nrad -Jahr 2018 hatte viel zu bieten:<\/p>\n<p><strong>Norddeutscher Pokal 2018 in Berlin<\/strong><\/p>\n<p>Jedes Jahr im September veranstaltet die Rh\u00f6nradwelt den Norddeutschen Pokal. Der Austragungsort variiert von Jahr zu Jahr. Dieses Jahr war das Bundesland Berlin zust\u00e4ndig f\u00fcr die Ausrichtung des Wettkampfes. Also schlossen sich die Berliner Rh\u00f6nrad-Vereine Anfang des Jahres zusammen um diese Herausforderung zu bew\u00e4ltigen. Es mussten \u00dcbernachtungsm\u00f6glichkeiten geschaffen, R\u00e4der transportiert, f\u00fcr die Verpflegung der Teilnehmer und G\u00e4ste gesorgt und, am aller wichtigsten eine ausreichend gro\u00dfe Wettkampfhalle organisiert werden.<\/p>\n<p>Austragungsort war die Turnhalle der Heinrich-Seidel-Grundschule im Bezirk Gesundbrunnen. Die aus s\u00e4mtlichen Bundesl\u00e4ndern angereisten Turnerinnen und Turner hatten die M\u00f6glichkeit in den Klassenr\u00e4umen der Schule ihr Nachtlager aufzuschlagen.<\/p>\n<p>Samstagmorgen wurde der Norddeutsche Pokal er\u00f6ffnet mit dem Wettkampf der Landesklasse. Gezeigt wurden Geradek\u00fcren von 104 Turnerinnen und Turnern ab 7 Jahren. Zus\u00e4tzlich hatten die Kinder im Alter von 7-12 Jahren die M\u00f6glichkeiten Abzeichen zu erlangen in den Disziplinen Gerade und Sprung. Abzeichen werden im Rh\u00f6nradturnen nicht mit Punkten bewertet, hier gilt nur das Bestehen. Die Abzeichen sollen die kleinen Turner vorbereiten auf ganze K\u00fcren in der Spirale oder auf den Sprung auf ein Rh\u00f6nrad und von demselben wieder herunter.<\/p>\n<p>Durch tolle turnerische Leistungen im Geradeturnen konnten die Berlinerinnen Jenny Rietdorf (AK 17\/18) von der TSG Steglitz 1878, Carla Kuhn (AK 25-29) von der Berliner Turnerschaft und Alexandra Schmidt (AK 30+) vom TuS Neuk\u00f6ln den norddeutschen Pokal mit nach Hause nehmen. \u00dcber den zweiten Platz der Altersklasse 19-24 durfte sich Janina Stojalowski ( ebenfalls Berliner Turnerschaft) freuen. Den dritten Platz der AK 30+ errang Katja Rickauer vom TuS Neuk\u00f6lln.<\/p>\n<p>Der Sonntag war traditionell den Mannschaftswettk\u00e4mpfen gewidmet. Hier traten 3 A-Mannschaften und 8 B-Mannschaften mit jeweils 4-5 Turnerinnen und Turnern gegeneinander an. In der Disziplin Spirale traten f\u00fcr die beiden Berliner B-Mannschaften Jenny Rietdorf, Alexandra Schmidt, Janina Stojalowski und Carla Kuhn an. Einen Sprung zeigten die Berlinerinnen Nathalie Andre, Patrizia Pschera, Tonja Kattein und Sabine Hahn. Alle acht turnten zus\u00e4tzlich eine Geradek\u00fcr.<\/p>\n<p>Bei der Siegerehrung gab es f\u00fcr Teams aus Berlin dann eine gro\u00dfe \u00dcberraschung. Trotz durchwachsener Performances der einzelnen Turner gelang es dem Team von Jenny Rietdorf, Alexandra Schmidt, Nathalie Andre und Patrizia Pschera den 4. Platz zu belegen und der anderen Mannschaft mit Carla Kuhn, Janina Stojalowski, Tonja Kattein und Sabine Hahn sogar den 1. Platz zu erreichen und somit den Norddeutschen Pokal nach Berlin zu holen.<\/p>\n<p>Das Rh\u00f6nrad-Jahr 2017<\/p>\n<p><img loading=\"lazy\" decoding=\"async\" class=\"size-medium wp-image-576 alignleft\" src=\"https:\/\/tus-neukoelln.de\/wp-content\/uploads\/2018\/02\/2017-10-08-PHOTO-00003898-300x225.jpg\" alt=\"\" width=\"300\" height=\"225\" srcset=\"https:\/\/tus-neukoelln.de\/wp-content\/uploads\/2018\/02\/2017-10-08-PHOTO-00003898-300x225.jpg 300w, https:\/\/tus-neukoelln.de\/wp-content\/uploads\/2018\/02\/2017-10-08-PHOTO-00003898-768x576.jpg 768w, https:\/\/tus-neukoelln.de\/wp-content\/uploads\/2018\/02\/2017-10-08-PHOTO-00003898-1024x768.jpg 1024w, https:\/\/tus-neukoelln.de\/wp-content\/uploads\/2018\/02\/2017-10-08-PHOTO-00003898-830x623.jpg 830w, https:\/\/tus-neukoelln.de\/wp-content\/uploads\/2018\/02\/2017-10-08-PHOTO-00003898-230x173.jpg 230w, https:\/\/tus-neukoelln.de\/wp-content\/uploads\/2018\/02\/2017-10-08-PHOTO-00003898-350x263.jpg 350w, https:\/\/tus-neukoelln.de\/wp-content\/uploads\/2018\/02\/2017-10-08-PHOTO-00003898-480x360.jpg 480w, https:\/\/tus-neukoelln.de\/wp-content\/uploads\/2018\/02\/2017-10-08-PHOTO-00003898.jpg 1280w\" sizes=\"auto, (max-width: 300px) 100vw, 300px\" \/><\/p>\n<p>Zu Beginn des Jahres durften wir ein langersehntes neues Mitglied in unserer Gruppe begr\u00fc\u00dfen: ein brandneues Rh\u00f6nrad f\u00fcr unsere j\u00fcngsten Turner. Voller Begeisterung wurde das 1,70 m kleine Turnger\u00e4t von vielen helfenden H\u00e4nden aus seiner Verpackung befreit. Seitdem dreht es regelm\u00e4\u00dfig seine Runden durch die Turnhalle.<\/p>\n<p>Die Wettkampfsaison begann f\u00fcr die Rh\u00f6nradturner des TuS-Neuk\u00f6lln am letzten M\u00e4rzwochenende. Es wurde der erste Qualifikationswettkampf des Jahres absolviert. Hier traten 7 unserer Turnerinnen bei den Berliner und M\u00e4rkischen Meisterschaften und Bestenk\u00e4mpfen in den Disziplinen Gerade und Spirale an.<\/p>\n<p>Im Juni standen gleich zwei gro\u00dfe Wettk\u00e4mpfe auf dem Plan.<\/p>\n<p>Vom 3. bis 10. Juni\u00a0 nahmen 11 unserer Rh\u00f6nradturnerInnen im Rahmen des Turnfestes an einem deutschlandweiten Wettkampf in den Messehallen in Berlin teil.<\/p>\n<p>Nur 2 Wochen sp\u00e4ter fanden die Berliner und M\u00e4rkischen Meisterschaften und Bestenk\u00e4mpfe statt, die als zweite und letzte Qualifikation f\u00fcr den Deutschland-Cup gelten. 7 unserer Turnerinnen gingen an den Start, diesmal in den drei Disziplinen Gerade, Spirale und Sprung. Noemi Klara Mangei und Tonja Kattein erturnten sich an diesem Tag ein Ticket zum Deutschland-Cup, zu dem nur die besten TurnerInnen Berlins fahren d\u00fcrfen. Eine gro\u00dfe Ehre.<\/p>\n<p>Die Sommerferien nutzten viele von uns, um sich auf den Norddeutschen Pokal in L\u00fcneburg vorzubereiten. Im September dieses Jahres schrieb die Rh\u00f6nradabteilung des TuS-Neuk\u00f6lln dort Geschichte: zum ersten Mal wurde das Bundesland Berlin im Mannschaftswettkampf des Norddeutschen Pokals von einer reinen TuS-Mannschaft vertreten.<\/p>\n<p>F\u00fcr den Mannschaftswettkampf turnen 4 Aktive in jeweils zwei Disziplinen. Entweder Gerade und Sprung oder Gerade und Spirale.<\/p>\n<p>Da der TuS-Neuk\u00f6lln aufgrund einer Umstellung des Wettkampfsystems erst seit zwei Jahren die beiden Zusatzdisziplinen Sprung und Spirale trainiert, ist dies eine hervorragende Leistung, \u00fcber die alle sehr gl\u00fccklich waren.<\/p>\n<p>Beim Berlin-Pokal im Oktober ging es wieder mannschaftsweise an den Start. Hier wurde sich im Gerade-Turnen gemessen. Neun unserer Sportlerinnen und Sportler f\u00fchrten dem Kampfgericht wie dem Publikum ihre K\u00fcren vor. Die drei TuS-Mannschaften konnten bei diesem Wettkampf den 3., den 4. und den 6. Platz belegen.<img loading=\"lazy\" decoding=\"async\" class=\"size-medium wp-image-577 alignright\" src=\"https:\/\/tus-neukoelln.de\/wp-content\/uploads\/2018\/02\/TC1X6378-276x300.jpg\" alt=\"\" width=\"276\" height=\"300\" srcset=\"https:\/\/tus-neukoelln.de\/wp-content\/uploads\/2018\/02\/TC1X6378-276x300.jpg 276w, https:\/\/tus-neukoelln.de\/wp-content\/uploads\/2018\/02\/TC1X6378-768x835.jpg 768w, https:\/\/tus-neukoelln.de\/wp-content\/uploads\/2018\/02\/TC1X6378-942x1024.jpg 942w, https:\/\/tus-neukoelln.de\/wp-content\/uploads\/2018\/02\/TC1X6378-830x902.jpg 830w, https:\/\/tus-neukoelln.de\/wp-content\/uploads\/2018\/02\/TC1X6378-230x250.jpg 230w, https:\/\/tus-neukoelln.de\/wp-content\/uploads\/2018\/02\/TC1X6378-350x380.jpg 350w, https:\/\/tus-neukoelln.de\/wp-content\/uploads\/2018\/02\/TC1X6378-480x522.jpg 480w, https:\/\/tus-neukoelln.de\/wp-content\/uploads\/2018\/02\/TC1X6378.jpg 1783w\" sizes=\"auto, (max-width: 276px) 100vw, 276px\" \/><\/p>\n<p>W\u00e4hrend der Gro\u00dfteil von uns sich danach an die Arbeit machte, eine Choreographie f\u00fcr die allj\u00e4hrliche Weihachtsfeier auf die Beine zu stellen und einzustudieren, bereiteten Noemi und Tonja zus\u00e4tzlich ihre K\u00fcren f\u00fcr den Deutschland-Cup vor. Diese konnten sie im November in L\u00fcdenscheid erfolgreich pr\u00e4sentieren.<\/p>\n<p>Eine Woche sp\u00e4ter traten Jana und Emma, zwei unserer neuesten Mitglieder, beim Berliner Schnupperwettkampf an. Unter der Anleitung ihrer Trainer absolvierten beide ihren allerersten Wettkampf mit viel Freude.<\/p>\n<p>Bei der Auff\u00fchrung im Rahmen unserer Weihnachtsfeier im Dezember traten 27 unserer 38 akiven Mitglieder vor einem Publikum aus Familien und Freunden auf. Wie auch bei unserem Training platzte die kleine Turnhalle aus allen N\u00e4hten. Im Anschluss an die Auff\u00fchrung setzten wir uns zusammen und lie\u00dfen das Jahr mit einem gemeinsamen Abendessen ausklingen.<\/p>\n<p>Genau wie im Vorjahr gewann unsere Abteilung auch 2017 wieder neue Mitglieder. 14 neue Turnerinnen und Turner zwischen f\u00fcnf und 38 Jahren bereichern nun unsere Gruppe.<\/p>\n","protected":false},"excerpt":{"rendered":"<p>Das Rh\u00f6nrad -Jahr 2018 hatte viel zu bieten: Norddeutscher Pokal 2018 in Berlin Jedes Jahr im September veranstaltet die Rh\u00f6nradwelt den Norddeutschen [&hellip;]<\/p>\n","protected":false},"author":1,"featured_media":0,"parent":613,"menu_order":0,"comment_status":"closed","ping_status":"closed","template":"","meta":{"footnotes":""},"class_list":["post-675","page","type-page","status-publish","hentry"],"_links":{"self":[{"href":"https:\/\/tus-neukoelln.de\/index.php?rest_route=\/wp\/v2\/pages\/675","targetHints":{"allow":["GET"]}}],"collection":[{"href":"https:\/\/tus-neukoelln.de\/index.php?rest_route=\/wp\/v2\/pages"}],"about":[{"href":"https:\/\/tus-neukoelln.de\/index.php?rest_route=\/wp\/v2\/types\/page"}],"author":[{"embeddable":true,"href":"https:\/\/tus-neukoelln.de\/index.php?rest_route=\/wp\/v2\/users\/1"}],"replies":[{"embeddable":true,"href":"https:\/\/tus-neukoelln.de\/index.php?rest_route=%2Fwp%2Fv2%2Fcomments&post=675"}],"version-history":[{"count":10,"href":"https:\/\/tus-neukoelln.de\/index.php?rest_route=\/wp\/v2\/pages\/675\/revisions"}],"predecessor-version":[{"id":1985,"href":"https:\/\/tus-neukoelln.de\/index.php?rest_route=\/wp\/v2\/pages\/675\/revisions\/1985"}],"up":[{"embeddable":true,"href":"https:\/\/tus-neukoelln.de\/index.php?rest_route=\/wp\/v2\/pages\/613"}],"wp:attachment":[{"href":"https:\/\/tus-neukoelln.de\/index.php?rest_route=%2Fwp%2Fv2%2Fmedia&parent=675"}],"curies":[{"name":"wp","href":"https:\/\/api.w.org\/{rel}","templated":true}]}}

Bericht der Rhönradabteilung

<p>Das Rhönrad -Jahr 2018 hatte viel zu bieten:</p>
<p><strong>Norddeutscher Pokal 2018 in Berlin</strong></p>
<p>Jedes Jahr im September veranstaltet die Rhönradwelt den Norddeutschen Pokal. Der Austragungsort variiert von Jahr zu Jahr. Dieses Jahr war das Bundesland Berlin zuständig für die Ausrichtung des Wettkampfes. Also schlossen sich die Berliner Rhönrad-Vereine Anfang des Jahres zusammen um diese Herausforderung zu bewältigen. Es mussten Übernachtungsmöglichkeiten geschaffen, Räder transportiert, für die Verpflegung der Teilnehmer und Gäste gesorgt und, am aller wichtigsten eine ausreichend große Wettkampfhalle organisiert werden.</p>
<p>Austragungsort war die Turnhalle der Heinrich-Seidel-Grundschule im Bezirk Gesundbrunnen. Die aus sämtlichen Bundesländern angereisten Turnerinnen und Turner hatten die Möglichkeit in den Klassenräumen der Schule ihr Nachtlager aufzuschlagen.</p>
<p>Samstagmorgen wurde der Norddeutsche Pokal eröffnet mit dem Wettkampf der Landesklasse. Gezeigt wurden Geradeküren von 104 Turnerinnen und Turnern ab 7 Jahren. Zusätzlich hatten die Kinder im Alter von 7-12 Jahren die Möglichkeiten Abzeichen zu erlangen in den Disziplinen Gerade und Sprung. Abzeichen werden im Rhönradturnen nicht mit Punkten bewertet, hier gilt nur das Bestehen. Die Abzeichen sollen die kleinen Turner vorbereiten auf ganze Küren in der Spirale oder auf den Sprung auf ein Rhönrad und von demselben wieder herunter.</p>
<p>Durch tolle turnerische Leistungen im Geradeturnen konnten die Berlinerinnen Jenny Rietdorf (AK 17/18) von der TSG Steglitz 1878, Carla Kuhn (AK 25-29) von der Berliner Turnerschaft und Alexandra Schmidt (AK 30+) vom TuS Neuköln den norddeutschen Pokal mit nach Hause nehmen. Über den zweiten Platz der Altersklasse 19-24 durfte sich Janina Stojalowski ( ebenfalls Berliner Turnerschaft) freuen. Den dritten Platz der AK 30+ errang Katja Rickauer vom TuS Neukölln.</p>
<p>Der Sonntag war traditionell den Mannschaftswettkämpfen gewidmet. Hier traten 3 A-Mannschaften und 8 B-Mannschaften mit jeweils 4-5 Turnerinnen und Turnern gegeneinander an. In der Disziplin Spirale traten für die beiden Berliner B-Mannschaften Jenny Rietdorf, Alexandra Schmidt, Janina Stojalowski und Carla Kuhn an. Einen Sprung zeigten die Berlinerinnen Nathalie Andre, Patrizia Pschera, Tonja Kattein und Sabine Hahn. Alle acht turnten zusätzlich eine Geradekür.</p>
<p>Bei der Siegerehrung gab es für Teams aus Berlin dann eine große Überraschung. Trotz durchwachsener Performances der einzelnen Turner gelang es dem Team von Jenny Rietdorf, Alexandra Schmidt, Nathalie Andre und Patrizia Pschera den 4. Platz zu belegen und der anderen Mannschaft mit Carla Kuhn, Janina Stojalowski, Tonja Kattein und Sabine Hahn sogar den 1. Platz zu erreichen und somit den Norddeutschen Pokal nach Berlin zu holen.</p>
<p>Das Rhönrad-Jahr 2017</p>
<p><img loading="lazy" decoding="async" class="size-medium wp-image-576 alignleft" src="https://tus-neukoelln.de/wp-content/uploads/2018/02/2017-10-08-PHOTO-00003898-300x225.jpg" alt="" width="300" height="225" srcset="https://tus-neukoelln.de/wp-content/uploads/2018/02/2017-10-08-PHOTO-00003898-300x225.jpg 300w, https://tus-neukoelln.de/wp-content/uploads/2018/02/2017-10-08-PHOTO-00003898-768x576.jpg 768w, https://tus-neukoelln.de/wp-content/uploads/2018/02/2017-10-08-PHOTO-00003898-1024x768.jpg 1024w, https://tus-neukoelln.de/wp-content/uploads/2018/02/2017-10-08-PHOTO-00003898-830x623.jpg 830w, https://tus-neukoelln.de/wp-content/uploads/2018/02/2017-10-08-PHOTO-00003898-230x173.jpg 230w, https://tus-neukoelln.de/wp-content/uploads/2018/02/2017-10-08-PHOTO-00003898-350x263.jpg 350w, https://tus-neukoelln.de/wp-content/uploads/2018/02/2017-10-08-PHOTO-00003898-480x360.jpg 480w, https://tus-neukoelln.de/wp-content/uploads/2018/02/2017-10-08-PHOTO-00003898.jpg 1280w" sizes="auto, (max-width: 300px) 100vw, 300px" /></p>
<p>Zu Beginn des Jahres durften wir ein langersehntes neues Mitglied in unserer Gruppe begrüßen: ein brandneues Rhönrad für unsere jüngsten Turner. Voller Begeisterung wurde das 1,70 m kleine Turngerät von vielen helfenden Händen aus seiner Verpackung befreit. Seitdem dreht es regelmäßig seine Runden durch die Turnhalle.</p>
<p>Die Wettkampfsaison begann für die Rhönradturner des TuS-Neukölln am letzten Märzwochenende. Es wurde der erste Qualifikationswettkampf des Jahres absolviert. Hier traten 7 unserer Turnerinnen bei den Berliner und Märkischen Meisterschaften und Bestenkämpfen in den Disziplinen Gerade und Spirale an.</p>
<p>Im Juni standen gleich zwei große Wettkämpfe auf dem Plan.</p>
<p>Vom 3. bis 10. Juni  nahmen 11 unserer RhönradturnerInnen im Rahmen des Turnfestes an einem deutschlandweiten Wettkampf in den Messehallen in Berlin teil.</p>
<p>Nur 2 Wochen später fanden die Berliner und Märkischen Meisterschaften und Bestenkämpfe statt, die als zweite und letzte Qualifikation für den Deutschland-Cup gelten. 7 unserer Turnerinnen gingen an den Start, diesmal in den drei Disziplinen Gerade, Spirale und Sprung. Noemi Klara Mangei und Tonja Kattein erturnten sich an diesem Tag ein Ticket zum Deutschland-Cup, zu dem nur die besten TurnerInnen Berlins fahren dürfen. Eine große Ehre.</p>
<p>Die Sommerferien nutzten viele von uns, um sich auf den Norddeutschen Pokal in Lüneburg vorzubereiten. Im September dieses Jahres schrieb die Rhönradabteilung des TuS-Neukölln dort Geschichte: zum ersten Mal wurde das Bundesland Berlin im Mannschaftswettkampf des Norddeutschen Pokals von einer reinen TuS-Mannschaft vertreten.</p>
<p>Für den Mannschaftswettkampf turnen 4 Aktive in jeweils zwei Disziplinen. Entweder Gerade und Sprung oder Gerade und Spirale.</p>
<p>Da der TuS-Neukölln aufgrund einer Umstellung des Wettkampfsystems erst seit zwei Jahren die beiden Zusatzdisziplinen Sprung und Spirale trainiert, ist dies eine hervorragende Leistung, über die alle sehr glücklich waren.</p>
<p>Beim Berlin-Pokal im Oktober ging es wieder mannschaftsweise an den Start. Hier wurde sich im Gerade-Turnen gemessen. Neun unserer Sportlerinnen und Sportler führten dem Kampfgericht wie dem Publikum ihre Küren vor. Die drei TuS-Mannschaften konnten bei diesem Wettkampf den 3., den 4. und den 6. Platz belegen.<img loading="lazy" decoding="async" class="size-medium wp-image-577 alignright" src="https://tus-neukoelln.de/wp-content/uploads/2018/02/TC1X6378-276x300.jpg" alt="" width="276" height="300" srcset="https://tus-neukoelln.de/wp-content/uploads/2018/02/TC1X6378-276x300.jpg 276w, https://tus-neukoelln.de/wp-content/uploads/2018/02/TC1X6378-768x835.jpg 768w, https://tus-neukoelln.de/wp-content/uploads/2018/02/TC1X6378-942x1024.jpg 942w, https://tus-neukoelln.de/wp-content/uploads/2018/02/TC1X6378-830x902.jpg 830w, https://tus-neukoelln.de/wp-content/uploads/2018/02/TC1X6378-230x250.jpg 230w, https://tus-neukoelln.de/wp-content/uploads/2018/02/TC1X6378-350x380.jpg 350w, https://tus-neukoelln.de/wp-content/uploads/2018/02/TC1X6378-480x522.jpg 480w, https://tus-neukoelln.de/wp-content/uploads/2018/02/TC1X6378.jpg 1783w" sizes="auto, (max-width: 276px) 100vw, 276px" /></p>
<p>Während der Großteil von uns sich danach an die Arbeit machte, eine Choreographie für die alljährliche Weihachtsfeier auf die Beine zu stellen und einzustudieren, bereiteten Noemi und Tonja zusätzlich ihre Küren für den Deutschland-Cup vor. Diese konnten sie im November in Lüdenscheid erfolgreich präsentieren.</p>
<p>Eine Woche später traten Jana und Emma, zwei unserer neuesten Mitglieder, beim Berliner Schnupperwettkampf an. Unter der Anleitung ihrer Trainer absolvierten beide ihren allerersten Wettkampf mit viel Freude.</p>
<p>Bei der Aufführung im Rahmen unserer Weihnachtsfeier im Dezember traten 27 unserer 38 akiven Mitglieder vor einem Publikum aus Familien und Freunden auf. Wie auch bei unserem Training platzte die kleine Turnhalle aus allen Nähten. Im Anschluss an die Aufführung setzten wir uns zusammen und ließen das Jahr mit einem gemeinsamen Abendessen ausklingen.</p>
<p>Genau wie im Vorjahr gewann unsere Abteilung auch 2017 wieder neue Mitglieder. 14 neue Turnerinnen und Turner zwischen fünf und 38 Jahren bereichern nun unsere Gruppe.</p>

<p>Das Rhönrad -Jahr 2018 hatte viel zu bieten: Norddeutscher Pokal 2018 in Berlin Jedes Jahr im September veranstaltet die Rhönradwelt den Norddeutschen [&hellip;]</p>
