{"id":2087,"date":"2025-02-13T19:51:30","date_gmt":"2025-02-13T19:51:30","guid":{"rendered":"http:\/\/tus-neukoelln.de\/?page_id=2087"},"modified":"2025-03-06T18:51:58","modified_gmt":"2025-03-06T18:51:58","slug":"sport-fuer-kinder-und-jugend-im-tus-neukoelln-1865-e-v-2","status":"publish","type":"page","link":"https:\/\/tus-neukoelln.de\/?page_id=2087","title":{"rendered":"Sport f\u00fcr Kinder und Jugend im TuS Neuk\u00f6lln 1865 e.V."},"content":{"rendered":"<p align=\"LEFT\"><span style=\"font-family: Arial, sans-serif;\"><span style=\"font-size: medium;\">Angebote f\u00fcr unsere J\u00fcngsten, je nach Vorlieben oder einfach durch Probieren, findet Ihr auf den folgenden Seiten in den unterschiedlichsten Sportarten.<\/span><\/span><\/p>\n<p align=\"LEFT\"><span style=\"font-family: Arial, sans-serif;\"><span style=\"font-size: medium;\">F\u00fcr den Einstieg der Kleinsten (also ab 3 Jahren) bietet unsere Tanz-Abteilung ein Angebot. Das Training findet Freitags, ab 17:00 Uhr in der Sporthalle der Regenbogen-Schule, Morusstra\u00dfe 32 sattt. Ansprechpartner ist Tonja Kattein, erreichbar per E-Mail unter: schrilleschrullen@gmail.com<\/span><\/span><\/p>\n<p align=\"LEFT\">Unsere <strong>Eltern-Kind-Gruppe<\/strong> f\u00fcr Kinder von 2-6 Jahren trifft sich Montags ab 16.00 Uhr, ebenfalls in der Sporthalle der Regenbogen-Schule in der Morusstra\u00dfe 32, hat zur Zeit jedoch eine lange Warteliste, n\u00e4here Informationen hierzu zu erfragen bei Manfred Vogt, Tel.: 01577-427 06 73<\/p>\n<p align=\"LEFT\"><span style=\"font-family: Arial, sans-serif;\"><span style=\"font-size: medium;\">Unsere Handball-Abteilung bietet die M\u00f6glichkeit in einer weiteren <b>Eltern-Kind-Gruppe<\/b> ab 2 Jahren herauszufinden, wohin der Weg einmal gehen soll. Die<\/span><\/span><\/p>\n<p style=\"text-align: center;\" align=\"LEFT\"><span style=\"font-family: Arial, sans-serif;\"><span style=\"font-size: medium;\">Eltern-Kind-Gruppe der Handball-Abteilung trifft sich am Samstag, <\/span><\/span><\/p>\n<p style=\"text-align: center;\" align=\"LEFT\"><span style=\"font-family: Arial, sans-serif;\"><span style=\"font-size: medium;\">10:30 \u2013 12:00 Uhr in der Sporthalle Buschrosensteig 12<\/span><\/span><\/p>\n<p align=\"LEFT\"><span style=\"font-family: Arial, sans-serif;\"><span style=\"font-size: medium;\">F\u00fcr die 3-6 J\u00e4hrigen bietet sich dann die M\u00f6glichkeit, die sportliche \u201eKarriere\u201c in der Spielgruppe des TuS oder in der Spielgruppe des Kooperationspartners NSF fortzusetzen.<\/span><\/span><\/p>\n<p align=\"LEFT\"><span style=\"font-family: Arial, sans-serif;\"><span style=\"font-size: medium;\"><b>Die Spielgruppe TuS<\/b><\/span><\/span><span style=\"font-family: Arial, sans-serif;\"><span style=\"font-size: medium;\"> trifft sich Montags 17:00 \u2013 18:00 Uhr in der Sporthalle H\u00e4nselstra\u00dfe 6<\/span><\/span><\/p>\n<p align=\"LEFT\"><span style=\"font-family: Arial, sans-serif;\"><span style=\"font-size: medium;\"><b>Die Spielgruppe NSF<\/b><\/span><\/span><span style=\"font-family: Arial, sans-serif;\"><span style=\"font-size: medium;\"> trifft sich Donnerstags 17:00 \u2013 18:00 Uhr in der Sporthalle Haarlemer Stra\u00dfe 23-27<\/span><\/span><\/p>\n<p align=\"CENTER\"><span style=\"font-family: Arial, sans-serif;\"><span style=\"font-size: medium;\">N\u00e4here Informationen zu diesen Angeboten findet Ihr auf der Seite <\/span><\/span><\/p>\n<p align=\"CENTER\"><a href=\"https:\/\/handball-neukoelln.de\/trainingszeiten\/#zeiten-minis\"><span style=\"font-family: Arial, sans-serif;\"><span style=\"font-size: medium;\">https:\/\/handball-neukoelln.de\/trainingszeiten\/#zeiten-minis<\/span><\/span><\/a><\/p>\n<p align=\"LEFT\"><span style=\"font-family: Arial, sans-serif;\"><span style=\"font-size: medium;\">Den Kindern ab 6 Jahren stehen dann weitere M\u00f6glichkeiten des Sports offen.<\/span><\/span><\/p>\n<ol>\n<li>\n<p align=\"LEFT\"><span style=\"font-family: Arial, sans-serif;\"><span style=\"font-size: medium;\"><b>Handball<\/b><\/span><\/span><span style=\"font-family: Arial, sans-serif;\"><span style=\"font-size: medium;\"> in den teils noch gemischten Mini-Mannschaften, Trainingszeiten \u00fcber oben genannten Link<\/span><\/span><\/p>\n<\/li>\n<\/ol>\n<ol start=\"2\">\n<li>\n<p align=\"LEFT\"><span style=\"font-family: Arial, sans-serif;\"><span style=\"font-size: medium;\"><b>Basketball<\/b><\/span><\/span><span style=\"font-family: Arial, sans-serif;\"><span style=\"font-size: medium;\"> in den verschiedenen Altersklassen, angefangen in der U8, n\u00e4here Informationen hierzu findet Ihr unter<\/span><\/span><\/p>\n<p align=\"CENTER\"><a href=\"https:\/\/www.tusbasket.de\/teams\/minis\/u8\/\"><span style=\"font-family: Arial, sans-serif;\"><span style=\"font-size: medium;\">https:\/\/www.tusbasket.de\/teams\/minis\/u8\/<\/span><\/span><\/a><\/p>\n<\/li>\n<\/ol>\n<ol start=\"3\">\n<li>\n<p align=\"LEFT\"><span style=\"font-family: Arial, sans-serif;\"><span style=\"font-size: medium;\"><b>Leichtathletik<\/b><\/span><\/span><\/p>\n<p align=\"LEFT\"><span style=\"font-family: Arial, sans-serif;\"><span style=\"font-size: medium;\">Die Kinder und Jugendlichen im alter von 6 \u2013 12 Jahren trreffen sich ab 1.4. Montags und Freitags 16:30 \u2013 18:00 Uhr auf dem DeGeWo-Sportplatz Lipschitzallee. Informationen vorab hierzu findet Ihr unter<\/span><\/span><\/p>\n<p align=\"CENTER\"><span style=\"font-family: Arial, sans-serif;\"><span style=\"font-size: medium;\"><a href=\"https:\/\/tus-neukoelln.de\/?page_id=753\">https:\/\/tus-neukoelln.de\/?page_id=753<\/a><\/span><\/span><\/p>\n<\/li>\n<\/ol>\n<p align=\"CENTER\"><span style=\"font-family: Arial, sans-serif;\"><span style=\"font-size: medium;\">Ein Probetraining ist nat\u00fcrlich immer kostenlos m\u00f6glich!<\/span><\/span><\/p>\n","protected":false},"excerpt":{"rendered":"<p>Angebote f\u00fcr unsere J\u00fcngsten, je nach Vorlieben oder einfach durch Probieren, findet Ihr auf den folgenden Seiten in den unterschiedlichsten Sportarten. F\u00fcr [&hellip;]<\/p>\n","protected":false},"author":1,"featured_media":0,"parent":0,"menu_order":0,"comment_status":"closed","ping_status":"closed","template":"","meta":{"footnotes":""},"class_list":["post-2087","page","type-page","status-publish","hentry"],"_links":{"self":[{"href":"https:\/\/tus-neukoelln.de\/index.php?rest_route=\/wp\/v2\/pages\/2087","targetHints":{"allow":["GET"]}}],"collection":[{"href":"https:\/\/tus-neukoelln.de\/index.php?rest_route=\/wp\/v2\/pages"}],"about":[{"href":"https:\/\/tus-neukoelln.de\/index.php?rest_route=\/wp\/v2\/types\/page"}],"author":[{"embeddable":true,"href":"https:\/\/tus-neukoelln.de\/index.php?rest_route=\/wp\/v2\/users\/1"}],"replies":[{"embeddable":true,"href":"https:\/\/tus-neukoelln.de\/index.php?rest_route=%2Fwp%2Fv2%2Fcomments&post=2087"}],"version-history":[{"count":7,"href":"https:\/\/tus-neukoelln.de\/index.php?rest_route=\/wp\/v2\/pages\/2087\/revisions"}],"predecessor-version":[{"id":2115,"href":"https:\/\/tus-neukoelln.de\/index.php?rest_route=\/wp\/v2\/pages\/2087\/revisions\/2115"}],"wp:attachment":[{"href":"https:\/\/tus-neukoelln.de\/index.php?rest_route=%2Fwp%2Fv2%2Fmedia&parent=2087"}],"curies":[{"name":"wp","href":"https:\/\/api.w.org\/{rel}","templated":true}]}}